ve s(3).
-2
Let g(u) be the first derivative of u**2 + 7*u + 21. Give g(-6).
-5
Suppose 4*r + 0*r + 11 = 3*f, -2*f - 3*r - 4 = 0. Let l(z) = 3*z**2 - z - 3. Let o(j) = -5*j**2 + 2*j + 5. Let x(u) = -7*l(u) - 4*o(u). Determine x(f).
-1
Let t(v) = -8*v**3 - v**2. Suppose 0 = -4*u - y + 7, -3*u = -3*y + 15 - 9. What is t(u)?
-9
Suppose -6 = -d + 4. Suppose 0 = -12*o + d*o + 8. Let k(n) = -n**3 + 3*n**2 + 4*n + 5. Determine k(o).
5
Let i(s) = -s - 1. Let v be i(-5). Let m be (-1)/4 - 27/v. Let z = m + 12. Let o(q) = q**3 - 5*q**2 + q - 2. Give o(z).
3
Let b(s) = 2*s - 2. Let v(d) = -d**2 - 3*d + 4. Let n be v(-3). Give b(n).
6
Let s be (-1)/(3*4/180). Let c = s + 22. Let q(k) = -2 + 0*k - 3 + k. Determine q(c).
2
Let w(x) = x**3 + 3*x**2 + 2*x - 2. Suppose 5*v = -4*v - 18. Give w(v).
-2
Let g be (2 - -2)/4 + -4. Let y(m) = 2*m**2 + 4*m. Calculate y(g).
6
Suppose q + 3*q = 0. Let t be (q - 1) + 0 + 1. Let o(j) = t*j - 3 - 2*j + j + 2. Give o(1).
-2
Let x(z) = 2*z + 6. Let d be x(-4). Let a(g) = -g - 1. Let q be a(d). Let t(n) be the third derivative of -13*n**4/24 + n**3/6 - n**2. Determine t(q).
-12
Let l(f) = f**3 + 10*f**2 - f - 5. Let k be l(-10). Suppose 0 = 2*m + 4*n - 0*n + 10, k*m - n = 19. Let z(u) = -u**2 + 5*u - 4. Determine z(m).
2
Let j(w) = -w**3 - w**2 + 4. Let o be j(0). Suppose -o*s = 2*b, -4*b - 8 = -2*b. Let c(y) = y**2 - y + 2. Give c(s).
4
Let n = 3 + 0. Let k(q) = q - 5 + 10 + 4*q**2 - 2*q**n + q**3. What is k(4)?
9
Let m be 5/((-2 + 1)/1). Let l(s) = s + 11. Calculate l(m).
6
Suppose -2*y + 21 = y. Let v(c) = c**3 - 6*c**2 - 7*c - 3. What is v(y)?
-3
Let a(w) = -w**3 - 5*w**2 + 2*w + 7. Let n(m) = 12*m. Let g be n(1). Suppose -3*p = g, -2*j = 2*j + 3*p + 32. Determine a(j).
-3
Let w = 0 - -3. Suppose -6 = -0*t - w*t. Let a(s) = 0*s**2 + 3*s**t - 4*s**2. Give a(-2).
-4
Let x(p) = p**3 + 9*p**2 - 4*p + 3. Let m(n) = n**3 + n**2 + n - 1. Let u(l) = -2*m(l) + x(l). Suppose 0 = 4*d - 5*w - 34, -w - 10 = 4*w. Give u(d).
5
Let m(a) = -5*a**3 - 2*a**2 + 1. Suppose -48*r = -50*r - 2. What is m(r)?
4
Let i(v) = 2*v - 12. Let x be i(8). Let m(b) = -5 + x + 2 + b. What is m(-1)?
0
Suppose -5 = 5*x + 5. Let m(b) = b**3 + b**2 + 2*b + 3. Give m(x).
-5
Let f = 3 + 1. Let w(t) = t**3 - 4*t**2 - t + 3. Let x be w(f). Let p(y) be the third derivative of y**4/12 + y**2. Determine p(x).
-2
Let k = 40 - 31. Let w(z) = -z**2 + 8*z + 5. Calculate w(k).
-4
Let h(s) = s**2 - s - 1. Let u(b) = -4*b**2 + 4*b + 3. Let n(t) = 5*h(t) + u(t). Let j be 7/3 + (-12)/(-18). Give n(j).
4
Let b(l) be the first derivative of 5*l**4/4 + l**2 + l - 1. Let o = -9 - -14. Suppose -5*x + 2*y = -1, -2*x - o*y - 9 = 8. Determine b(x).
-6
Let x(q) be the third derivative of q**6/120 - q**5/12 - 5*q**4/24 - q**3/3 - 19*q**2. Give x(6).
4
Let b be (-4)/(-10) - 8/(-5). Suppose 0 = b*t - 0*t - 8. Let r(a) be the second derivative of -a**3/6 + 2*a**2 - a. Calculate r(t).
0
Let u(t) = 6*t - 65. Let d be u(12). Let b(m) = -m**3 + 6*m**2 + 7*m + 10. Determine b(d).
10
Suppose 4 - 24 = 5*d. Let t be (-3)/4 - (-1)/d. Let a(q) = -11*q - 1. Determine a(t).
10
Let c(d) = -d + 2. Let b be c(-13). Let w = b - 10. Let z(l) = -l**2 + 7*l - 6. Give z(w).
4
Let j(a) = -4*a + 0*a + 5*a - 2. Let u be (-4)/((-4)/(-3)) + 5/1. Calculate j(u).
0
Let z(t) = t + 9. Let w(n) = 1. Let l(f) = 4*w(f) - z(f). Let c be (-7)/1*6/7. Determine l(c).
1
Let t(l) = l**3 - l**2. Let x(c) = -9*c**3 + 4*c**2 + 1. Let h(j) = 5*t(j) + x(j). Determine h(1).
-4
Let z(g) = 4*g**2 - 3. Let w(b) = 16*b**2 - b - 13. Let r(d) = -2*w(d) + 9*z(d). Let o = 0 - -1. Calculate r(o).
5
Let k(h) = 2*h**2 - 3. Let o(m) = 2 - 1 - 5*m**2 + 6. Let w(d) = 7*k(d) + 3*o(d). Suppose 0 = -p + 3*p - 2. Calculate w(p).
-1
Let m(r) = 8 + 0 - 9 + 2*r + 6. Give m(-4).
-3
Let p(i) = 7*i - 4. Let c(b) = -8*b + 5. Let h(s) = -3*c(s) - 4*p(s). Suppose 0 = 4*x + 2 + 2. Give h(x).
5
Suppose -13*g + 4*g = -9. Let r(c) = -4*c**2 + c - 1. Determine r(g).
-4
Let i(b) = -6*b**3 + 11*b**2 + 6*b + 8. Let y(o) = -7*o**3 + 12*o**2 + 7*o + 9. Let c(x) = -6*i(x) + 5*y(x). Give c(6).
-9
Let p(x) be the third derivative of x**4/12 - 7*x**3/6 + 2*x**2. Let i be p(6). Let q(f) = -i*f - 2*f**2 + 2*f - f**3 + 2*f. What is q(-2)?
2
Let g = 12 + -12. Suppose -4*z - z + 25 = g. Let t(l) = 1. Let n(w) = -w - 6. Let p(k) = -n(k) - 4*t(k). Determine p(z).
7
Let r = 20 - 23. Let b(y) = -y + 1. Let t(l) = 15 - 6*l + 0 - 3*l. Let w(x) = 12*b(x) - t(x). Determine w(r).
6
Let v(f) be the first derivative of f**3 - f**2/2 + 6. Determine v(2).
10
Let d(h) be the third derivative of h**4/24 - 3*h**3/2 - 2*h**2. Suppose 0*c + c = -4*c. Calculate d(c).
-9
Let r(q) = 4*q**2 + 9*q + 0*q - 5*q**2 + 2*q**2. Give r(-7).
-14
Let k(q) = -2*q - 6. Let h be (-2)/(-3) - 56/(-6). Suppose -2*d - h = -0*d. Calculate k(d).
4
Let c be 1 - (4/(-1) + 0). Let y(g) = -g - 1. Let s be (-10)/3 - (-5)/15. Let i(b) = b**3 - 4*b**2 - 2*b + 1. Let f(j) = s*y(j) - i(j). Give f(c).
2
Let n(d) = d**3 + d**2 - 4*d - 4. Suppose -16 = 4*j - 4. Give n(j).
-10
Let u(a) = -2*a**3 - 1 + 3 + 0*a - a + 2*a**2 + 2*a. Let r be 2/(-6) - 7/(-3). Give u(r).
-4
Let s be (10/(-4))/5*0. Let f(i) = 2*i - 4*i**2 - 1 - i + s*i. Let y = 7 + -6. Determine f(y).
-4
Let x be 27/6 - 1/2. Let m(z) = z**3 - 4*z**2 - 3*z - 3. Calculate m(x).
-15
Let v(h) = -h**2 - 1 + 3*h + 2 + 0*h + 2. Let d(f) = -f**3 + 4*f**2 - 2. Let l be d(4). Let j = l + 7. Give v(j).
-7
Let x be 9/(-15) + 2/(-5). Let s(f) be the third derivative of -2*f**4/3 - 5*f**3/6 - f**2. Let g(i) = i + 1. Let j(c) = -5*g(c) - s(c). Give j(x).
-11
Let f(a) be the first derivative of -a**4/4 - 5*a**3/3 - 3*a - 1. Let v = -78 - -73. Determine f(v).
-3
Suppose 5*x + 30 = 2*x. Let n(u) = u**3 + 10*u**2 + u + 4. Calculate n(x).
-6
Let o(g) be the first derivative of g**4 - g**2/2 - 2. Suppose -6 = 2*t - 5*t. Suppose 4*i - t*i = -2. Give o(i).
-3
Let t(x) = x**2 + 2*x + 2. Let f(b) = b**2 + 2*b + 3. Let w be ((-2)/4)/(1/4). Let v(u) = w*f(u) + 3*t(u). Determine v(-3).
3
Suppose -3*t + 10 = 2*t. Let x be (0 - (-2 + t))*1. Let b(r) = -r - 9. Calculate b(x).
-9
Let s(t) = 3*t + 3. Let b be s(3). Suppose 7*u - b = 4*u. Let m(j) be the first derivative of j**4/4 - 5*j**3/3 + 5*j**2/2 - j - 15. Calculate m(u).
3
Let n(f) = f**3 + 3*f**2 + 2*f - 2. Let q(m) = 1. Let y(b) = n(b) + q(b). Let l(p) = -2*p**2 + p. Let r be l(2). Let j = 4 + r. Determine y(j).
-1
Let y(b) = b + 1 - 4 - 5. Let g be y(-6). Let l = -10 - g. Let h(c) = -c + 8. Give h(l).
4
Let u(j) = -j**2 + 5*j + 5. Let l = -2 + 4. Suppose l*m = -4*x + 28, -5*m + 0 = x - 7. Let q = x - 2. Give u(q).
5
Let d(x) = 2*x + 6. Suppose -5*c - 55 = -25. What is d(c)?
-6
Let k(j) be the third derivative of j**5/60 - j**4/4 - j**3/6 - 5*j**2. Give k(5).
-6
Let m be ((-2)/(-1))/2 - 1. Let u = 3 + m. Let f(s) = -2*s**u + s**3 - 3*s**3 + s. Determine f(-1).
3
Let b(f) be the third derivative of -f**4/8 - f**3/3 - 4*f**2. Determine b(3).
-11
Let t be 28/6 - (-8)/(-12). Suppose -2*l = t*q, -2*l + 7 = -3*q - 7. Let x(g) = -5*g + 3*g - 3 - 3*g. Calculate x(q).
7
Suppose -5*y - 30 = -10. Let b(v) be the first derivative of v**4/4 + v**3 - 3*v**2 - 2*v - 4. Give b(y).
6
Let x(a) = -5*a**3 - 5*a**2 - 6*a + 21. Let r(v) = 11*v**3 + 11*v**2 + 13*v - 43. Let f(d) = -6*r(d) - 13*x(d). Give f(0).
-15
Let r(n) = -n + 1 - n**2 + 6*n + 8. Calculate r(7).
-5
Let k(j) = 2*j - 3. Let a = -7 + 10. Let r(z) = -7*z + 3 - z + a*z + 4*z. Let c be r(6). Give k(c).
-9
Let y(w) = w. Let z = -37 - -88. Let d = z - 29. Suppose -d = -5*t + 3. Determine y(t).
5
Let j = 14 + -7. Let u = j + -12. Let g(p) = -p**3 - 6*p**2 - 5*p + 6. Calculate g(u).
6
Let t(h) be the second derivative of -h**6/720 - h**5/60 + h**4/3 + 2*h. Let y(c) be the third derivative of t(c). What is y(4)?
-6
Let c(q) = -4*q + 3*q**2 - 4*q**2 - 5*q - 9. Calculate c(-8).
-1
Let a be (8/5)/(8/(-20)). Let m(f) be the second derivative of f**5/60 - f**3/3 + 2*f. Let s(o) be the second derivative of m(o). Give s(a).
-8
Suppose 3*t + 2*z = z - 13, -z - 7 = t. Let q be (-9)/(-2)*(-4)/t. Let h(c) be the first derivative of -c**2/2 + 4*c + 4. Calculate h(q).
-2
Let c(h) be the second derivative of -h**3/6 - 3*h**2/2 + 3*h. Let a(v) = v**2 - 10*v + 13. Let w be a(8). Calculate c(w).
0
Let z(v) = -7*v - 137 +